2597 and 350790146.
371
What is the highest common divisor of 270320 and 275466?
62
Calculate the highest common divisor of 2900725 and 5075.
725
Calculate the greatest common factor of 7872540 and 1040.
260
Calculate the highest common factor of 32828546 and 18.
2
What is the highest common factor of 555093 and 413138?
979
Calculate the greatest common factor of 2236 and 3238456.
52
Calculate the greatest common divisor of 3710 and 136910.
10
Calculate the greatest common divisor of 316889144 and 988.
988
Calculate the highest common factor of 1495 and 1069339.
23
Calculate the greatest common divisor of 54200080 and 2040.
680
What is the greatest common factor of 2807 and 213214106?
2807
Calculate the highest common factor of 437784 and 3808.
136
Calculate the highest common factor of 1875 and 303085.
5
Calculate the greatest common factor of 208 and 19997731.
13
Calculate the greatest common divisor of 87089 and 59641.
73
Calculate the highest common factor of 48762 and 9162.
18
What is the greatest common factor of 2544 and 25480227?
159
Calculate the greatest common divisor of 89298 and 65887.
41
What is the greatest common divisor of 99 and 31261527?
99
Calculate the highest common factor of 3871480 and 30.
10
What is the highest common factor of 6300 and 9508625?
175
What is the greatest common factor of 426965 and 41195?
385
What is the highest common factor of 3166813 and 7171?
71
Calculate the greatest common factor of 17960820 and 73715.
3205
What is the greatest common divisor of 17051 and 185319?
59
Calculate the highest common factor of 109559 and 14663672.
1231
What is the highest common divisor of 121683 and 192?
3
What is the greatest common divisor of 20787 and 8722545?
1599
Calculate the greatest common factor of 82 and 542679362.
82
What is the greatest common divisor of 65 and 4010013215?
65
What is the greatest common divisor of 7347 and 169110797?
2449
Calculate the highest common factor of 213427943 and 166.
83
Calculate the greatest common divisor of 20536 and 4624.
136
What is the greatest common factor of 22058 and 27142?
82
Calculate the greatest common factor of 361 and 6529559.
19
What is the highest common divisor of 20525 and 30375?
25
Calculate the highest common divisor of 231 and 1639011.
33
Calculate the greatest common divisor of 12683028 and 276.
276
What is the highest common divisor of 1581076 and 2282?
14
Calculate the greatest common factor of 259308 and 7236.
108
Calculate the highest common divisor of 138296 and 6500384.
472
Calculate the greatest common factor of 1468 and 123503207.
367
Calculate the greatest common divisor of 59018 and 18293014.
2566
Calculate the highest common divisor of 11598208 and 10108.
1444
What is the greatest common factor of 707182985 and 14284?
3571
What is the highest common factor of 28804 and 6191344?
1516
What is the greatest common factor of 22695639 and 2577?
2577
Calculate the greatest common factor of 501 and 34787937.
501
Calculate the greatest common divisor of 129244 and 42344.
316
What is the greatest common factor of 26345 and 2244115?
2395
Calculate the highest common factor of 9972358 and 11.
11
What is the highest common factor of 178485308 and 4068?
452
Calculate the greatest common divisor of 208 and 81376.
16
Calculate the highest common divisor of 764 and 34156912.
764
Calculate the highest common factor of 270446 and 121515658.
14234
What is the highest common divisor of 59614932 and 10374?
1482
What is the highest common factor of 1884509 and 1474?
737
What is the highest common divisor of 17526305 and 477?
53
What is the greatest common divisor of 62252658 and 65?
13
What is the greatest common factor of 202714 and 2194?
2
What is the greatest common factor of 18462394 and 258?
86
Calculate the greatest common divisor of 22 and 2223118.
2
Calculate the highest common divisor of 22568 and 2562924.
364
Calculate the greatest common divisor of 372 and 49248956.
124
What is the highest common factor of 647955 and 2310?
1155
What is the highest common divisor of 9615 and 116115?
15
Calculate the greatest common factor of 26398368 and 2556.
2556
Calculate the greatest common factor of 128118 and 195190.
262
What is the greatest common factor of 1486575 and 6600?
75
What is the highest common divisor of 12 and 270468?
12
Calculate the highest common factor of 18 and 1730181.
3
Calculate the greatest common factor of 22025775 and 180.
15
Calculate the greatest common divisor of 471458 and 52.
26
What is the highest common factor of 1010186 and 13398?
58
Calculate the highest common divisor of 85180086 and 18.
18
Calculate the greatest common divisor of 22043112 and 17472.
2184
Calculate the highest common factor of 103879 and 365.
73
Calculate the greatest common factor of 395 and 53667465.
395
What is the greatest common factor of 630634 and 7018?
58
What is the greatest common divisor of 564 and 42130236?
564
What is the greatest common factor of 62643 and 93729?
471
Calculate the highest common divisor of 581 and 6185921.
7
What is the greatest common factor of 7147404 and 45936?
396
Calculate the greatest common divisor of 17276 and 10361281.
4319
Calculate the highest common divisor of 1298 and 12763234.
1298
Calculate the greatest common factor of 50302110 and 5352.
1338
Calculate the highest common divisor of 1371700 and 15695.
215
What is the highest common divisor of 7938986 and 1298?
22
What is the highest common divisor of 5978673 and 2736?
171
Calculate the greatest common factor of 111969 and 1021059.
351
What is the greatest common factor of 2196909 and 33696?
351
Calculate the greatest common divisor of 53798 and 844007.
37
Calculate the greatest common factor of 66419365 and 16465.
445
What is the greatest common divisor of 173686500 and 9360?
2340
What is the greatest common divisor of 1400 and 775495?
35
Calculate the highest common factor of 44285 and 48135.
5
What is the highest common factor of 23326 and 6706118?
214
What is the highest common divisor of 22368 and 221583?
699
What is the greatest common factor of 3033 and 26916527?
337
Calculate the greatest common divisor of 872 and 15341314.
218
What is the highest common factor of 2127767 and 2525?
101
Calculate the greatest common divisor of 56082 and 330018.
78
Calculate the highest common factor of 1904 and 8338092.
476
What is the greatest common divisor of 11960542 and 132?
22
Calculate the greatest common divisor of 13501 and 7301106.
587
What is the highest common factor of 33146565 and 870?
435
What is the highest common divisor of 31280 and 1553512?
184
What is the greatest common factor of 2343792 and 1749?
33
What is the greatest common divisor of 2988 and 357585?
3
What is the highest common factor of 36 and 10171476?
36
What is the highest common divisor of 49508855 and 1265?
55
What is the greatest common divisor of 328716560 and 17360?
2480
What is the highest common divisor of 152770 and 3170?
10
Calculate the highest common factor of 87016790 and 70.
70
What is the greatest common factor of 154429 and 7197058?
1111
Calculate the greatest common factor of 77316 and 829252.
1516
What is the highest common factor of 10833 and 3477876?
69
Calculate the greatest common divisor of 2023 and 2226294.
7
What is the greatest common factor of 20 and 582680590?
10
What is the highest common divisor of 2615 and 263225?
5
Calculate the greatest common divisor of 3559368 and 2451.
129
Calculate the highest common factor of 941661966 and 84.
42
Calculate the highest common factor of 387 and 51205002.
129
Calculate the highest common divisor of 36401944 and 128.
8
Calculate the greatest common divisor of 273683 and 582335.
289
Calculate the greatest common divisor of 12624118 and 208.
26
Calculate the greatest common divisor of 438 and 10060714.
146
What is the highest common factor of 46766 and 599114?
134
Calculate the highest common factor of 5717206 and 7373.
101
Calculate the greatest common divisor of 111490435 and 145040.
9065
What is the highest common factor of 46614172 and 2024?
44
What is the greatest common divisor of 13 and 11809135?
13
Calculate the greatest common factor of 1991 and 1133968.
11
Calculate the highest common factor of 1901553 and 6.
3
What is the h